{"id":4780,"date":"2025-01-09T22:25:29","date_gmt":"2025-01-09T22:25:29","guid":{"rendered":"https:\/\/camarapocinhos.pb.gov.br\/site\/?page_id=4780"},"modified":"2025-12-12T11:06:11","modified_gmt":"2025-12-12T14:06:11","slug":"alzira-coutinho","status":"publish","type":"page","link":"https:\/\/camarapocinhos.pb.gov.br\/site\/alzira-coutinho\/","title":{"rendered":"Alzira Coutinho"},"content":{"rendered":"\t\t<div data-elementor-type=\"wp-page\" data-elementor-id=\"4780\" class=\"elementor elementor-4780\">\n\t\t\t\t<div class=\"elementor-element elementor-element-72e953c e-flex e-con-boxed e-con e-parent\" data-id=\"72e953c\" data-element_type=\"container\" data-core-v316-plus=\"true\">\n\t\t\t\t\t<div class=\"e-con-inner\">\n\t\t<div class=\"elementor-element elementor-element-84281a7 e-con-full e-flex e-con e-child\" data-id=\"84281a7\" data-element_type=\"container\">\n\t\t\r\n\t\t<div class=\"elementor-element elementor-element-3086988 elementor-widget elementor-widget-image\" data-id=\"3086988\" data-element_type=\"widget\" data-widget_type=\"image.default\">\n\t\t\t\t<div class=\"elementor-widget-container\">\n\t\t\t<style>\/*! elementor - v3.20.0 - 26-03-2024 *\/\n.elementor-widget-image{text-align:center}.elementor-widget-image a{display:inline-block}.elementor-widget-image a img[src$=\".svg\"]{width:48px}.elementor-widget-image img{vertical-align:middle;display:inline-block}<\/style>\t\t\t\t\t\t\t\t\t\t<img decoding=\"async\" width=\"161\" height=\"225\" src=\"https:\/\/camarapocinhos.pb.gov.br\/site\/wp-content\/uploads\/2025\/01\/foto-1.jpg\" class=\"attachment-large size-large wp-image-4782\" alt=\"\" \/>\t\t\t\t\t\t\t\t\t\t\t\t\t<\/div>\n\t\t\t\t<\/div>\n\t\t\t\t<\/div>\n\t\t<div class=\"elementor-element elementor-element-a91b3ab e-con-full e-flex e-con e-child\" data-id=\"a91b3ab\" data-element_type=\"container\">\n\t\t\t\t<div class=\"elementor-element elementor-element-8d99402 elementor-widget elementor-widget-heading\" data-id=\"8d99402\" data-element_type=\"widget\" data-widget_type=\"heading.default\">\n\t\t\t\t<div class=\"elementor-widget-container\">\n\t\t\t<style>\/*! elementor - v3.20.0 - 26-03-2024 *\/\n.elementor-heading-title{padding:0;margin:0;line-height:1}.elementor-widget-heading .elementor-heading-title[class*=elementor-size-]>a{color:inherit;font-size:inherit;line-height:inherit}.elementor-widget-heading .elementor-heading-title.elementor-size-small{font-size:15px}.elementor-widget-heading .elementor-heading-title.elementor-size-medium{font-size:19px}.elementor-widget-heading .elementor-heading-title.elementor-size-large{font-size:29px}.elementor-widget-heading .elementor-heading-title.elementor-size-xl{font-size:39px}.elementor-widget-heading .elementor-heading-title.elementor-size-xxl{font-size:59px}<\/style><h2 class=\"elementor-heading-title elementor-size-default\">Alzira Gomes Coutinho Alves<\/h2>\t\t<\/div>\n\t\t\t\t<\/div>\n\t\t\t\t<div class=\"elementor-element elementor-element-1891090 elementor-widget elementor-widget-text-editor\" data-id=\"1891090\" data-element_type=\"widget\" data-widget_type=\"text-editor.default\">\n\t\t\t\t<div class=\"elementor-widget-container\">\n\t\t\t<style>\/*! elementor - v3.20.0 - 26-03-2024 *\/\n.elementor-widget-text-editor.elementor-drop-cap-view-stacked .elementor-drop-cap{background-color:#69727d;color:#fff}.elementor-widget-text-editor.elementor-drop-cap-view-framed .elementor-drop-cap{color:#69727d;border:3px solid;background-color:transparent}.elementor-widget-text-editor:not(.elementor-drop-cap-view-default) .elementor-drop-cap{margin-top:8px}.elementor-widget-text-editor:not(.elementor-drop-cap-view-default) .elementor-drop-cap-letter{width:1em;height:1em}.elementor-widget-text-editor .elementor-drop-cap{float:left;text-align:center;line-height:1;font-size:50px}.elementor-widget-text-editor .elementor-drop-cap-letter{display:inline-block}<\/style>\t\t\t\t<p>Natural de Campina Grande, tem 46 anos, \u00e9 casada h\u00e1 25 anos e m\u00e3e de uma filha, Leanny Karen. Em seu primeiro mandato como vereadora pelo partido Uni\u00e3o Brasil, \u00e9 comprometida com um trabalho transparente e atuante. Busca ajudar a popula\u00e7\u00e3o de Pocinhos, honrar seus votos e contribuir para a gest\u00e3o p\u00fablica.<\/p><p>\u00a0<\/p><p>Partido Atual: Uni\u00e3o Brasil<br \/>Data de Nascimento: 24\/04\/1978<br \/>Naturalidade: Campina Grande \u2013 PB<br \/>Grau de Instru\u00e7\u00e3o: ENSINO M\u00c9DIO COMPLETO<\/p>\t\t\t\t\t\t<\/div>\n\t\t\t\t<\/div>\n\t\t\t\t<div class=\"elementor-element elementor-element-81d73b1 elementor-tabs-view-horizontal elementor-widget elementor-widget-tabs\" data-id=\"81d73b1\" data-element_type=\"widget\" data-widget_type=\"tabs.default\">\n\t\t\t\t<div class=\"elementor-widget-container\">\n\t\t\t<style>\/*! elementor - v3.20.0 - 26-03-2024 *\/\n.elementor-widget-tabs.elementor-tabs-view-vertical .elementor-tabs-wrapper{width:25%;flex-shrink:0}.elementor-widget-tabs.elementor-tabs-view-vertical .elementor-tab-desktop-title.elementor-active{border-right-style:none}.elementor-widget-tabs.elementor-tabs-view-vertical .elementor-tab-desktop-title.elementor-active:after,.elementor-widget-tabs.elementor-tabs-view-vertical .elementor-tab-desktop-title.elementor-active:before{height:999em;width:0;right:0;border-right-style:solid}.elementor-widget-tabs.elementor-tabs-view-vertical .elementor-tab-desktop-title.elementor-active:before{top:0;transform:translateY(-100%)}.elementor-widget-tabs.elementor-tabs-view-vertical .elementor-tab-desktop-title.elementor-active:after{top:100%}.elementor-widget-tabs.elementor-tabs-view-horizontal .elementor-tab-desktop-title{display:table-cell}.elementor-widget-tabs.elementor-tabs-view-horizontal .elementor-tab-desktop-title.elementor-active{border-bottom-style:none}.elementor-widget-tabs.elementor-tabs-view-horizontal .elementor-tab-desktop-title.elementor-active:after,.elementor-widget-tabs.elementor-tabs-view-horizontal .elementor-tab-desktop-title.elementor-active:before{bottom:0;height:0;width:999em;border-bottom-style:solid}.elementor-widget-tabs.elementor-tabs-view-horizontal .elementor-tab-desktop-title.elementor-active:before{right:100%}.elementor-widget-tabs.elementor-tabs-view-horizontal .elementor-tab-desktop-title.elementor-active:after{left:100%}.elementor-widget-tabs .elementor-tab-content,.elementor-widget-tabs .elementor-tab-title,.elementor-widget-tabs .elementor-tab-title:after,.elementor-widget-tabs .elementor-tab-title:before,.elementor-widget-tabs .elementor-tabs-content-wrapper{border:1px #d5d8dc}.elementor-widget-tabs .elementor-tabs{text-align:left}.elementor-widget-tabs .elementor-tabs-wrapper{overflow:hidden}.elementor-widget-tabs .elementor-tab-title{cursor:pointer;outline:var(--focus-outline,none)}.elementor-widget-tabs .elementor-tab-desktop-title{position:relative;padding:20px 25px;font-weight:700;line-height:1;border:solid transparent}.elementor-widget-tabs .elementor-tab-desktop-title.elementor-active{border-color:#d5d8dc}.elementor-widget-tabs .elementor-tab-desktop-title.elementor-active:after,.elementor-widget-tabs .elementor-tab-desktop-title.elementor-active:before{display:block;content:\"\";position:absolute}.elementor-widget-tabs .elementor-tab-desktop-title:focus-visible{border:1px solid #000}.elementor-widget-tabs .elementor-tab-mobile-title{padding:10px;cursor:pointer}.elementor-widget-tabs .elementor-tab-content{padding:20px;display:none}@media (max-width:767px){.elementor-tabs .elementor-tab-content,.elementor-tabs .elementor-tab-title{border-style:solid solid none}.elementor-tabs .elementor-tabs-wrapper{display:none}.elementor-tabs .elementor-tabs-content-wrapper{border-bottom-style:solid}.elementor-tabs .elementor-tab-content{padding:10px}}@media (min-width:768px){.elementor-widget-tabs.elementor-tabs-view-vertical .elementor-tabs{display:flex}.elementor-widget-tabs.elementor-tabs-view-vertical .elementor-tabs-wrapper{flex-direction:column}.elementor-widget-tabs.elementor-tabs-view-vertical .elementor-tabs-content-wrapper{flex-grow:1;border-style:solid solid solid none}.elementor-widget-tabs.elementor-tabs-view-horizontal .elementor-tab-content{border-style:none solid solid}.elementor-widget-tabs.elementor-tabs-alignment-center .elementor-tabs-wrapper,.elementor-widget-tabs.elementor-tabs-alignment-end .elementor-tabs-wrapper,.elementor-widget-tabs.elementor-tabs-alignment-stretch .elementor-tabs-wrapper{display:flex}.elementor-widget-tabs.elementor-tabs-alignment-center .elementor-tabs-wrapper{justify-content:center}.elementor-widget-tabs.elementor-tabs-alignment-end .elementor-tabs-wrapper{justify-content:flex-end}.elementor-widget-tabs.elementor-tabs-alignment-stretch.elementor-tabs-view-horizontal .elementor-tab-title{width:100%}.elementor-widget-tabs.elementor-tabs-alignment-stretch.elementor-tabs-view-vertical .elementor-tab-title{height:100%}.elementor-tabs .elementor-tab-mobile-title{display:none}}<\/style>\t\t<div class=\"elementor-tabs\">\n\t\t\t<div class=\"elementor-tabs-wrapper\" role=\"tablist\" >\n\t\t\t\t\t\t\t\t\t<div id=\"elementor-tab-title-1361\" class=\"elementor-tab-title elementor-tab-desktop-title\" aria-selected=\"true\" data-tab=\"1\" role=\"tab\" tabindex=\"0\" aria-controls=\"elementor-tab-content-1361\" aria-expanded=\"false\">Requerimentos<\/div>\n\t\t\t\t\t\t\t\t\t<div id=\"elementor-tab-title-1362\" class=\"elementor-tab-title elementor-tab-desktop-title\" aria-selected=\"false\" data-tab=\"2\" role=\"tab\" tabindex=\"-1\" aria-controls=\"elementor-tab-content-1362\" aria-expanded=\"false\">Projetos de Lei<\/div>\n\t\t\t\t\t\t\t\t\t<div id=\"elementor-tab-title-1363\" class=\"elementor-tab-title elementor-tab-desktop-title\" aria-selected=\"false\" data-tab=\"3\" role=\"tab\" tabindex=\"-1\" aria-controls=\"elementor-tab-content-1363\" aria-expanded=\"false\">Decretos Legislativos<\/div>\n\t\t\t\t\t\t\t\t\t<div id=\"elementor-tab-title-1364\" class=\"elementor-tab-title elementor-tab-desktop-title\" aria-selected=\"false\" data-tab=\"4\" role=\"tab\" tabindex=\"-1\" aria-controls=\"elementor-tab-content-1364\" aria-expanded=\"false\">Indica\u00e7\u00f5es<\/div>\n\t\t\t\t\t\t\t<\/div>\n\t\t\t<div class=\"elementor-tabs-content-wrapper\" role=\"tablist\" aria-orientation=\"vertical\">\n\t\t\t\t\t\t\t\t\t<div class=\"elementor-tab-title elementor-tab-mobile-title\" aria-selected=\"true\" data-tab=\"1\" role=\"tab\" tabindex=\"0\" aria-controls=\"elementor-tab-content-1361\" aria-expanded=\"false\">Requerimentos<\/div>\n\t\t\t\t\t<div id=\"elementor-tab-content-1361\" class=\"elementor-tab-content elementor-clearfix\" data-tab=\"1\" role=\"tabpanel\" aria-labelledby=\"elementor-tab-title-1361\" tabindex=\"0\" hidden=\"false\"><h2><b>2025<\/b><\/h2>\n<ul>\n<li>&nbsp;<a href=\"https:\/\/camarapocinhos.pb.gov.br\/site\/wp-content\/uploads\/2025\/01\/REQUERIMENTO-N\u00b0015-2025.pdf\">Requerimento N\u00b0015-2025 Solicita ao Poder Executivo a possibilidade do cal\u00e7amento da estrada vicinal que fornece acesso \u00e0 Pedra do Castelo<\/a><\/li>\n<li><a href=\"https:\/\/camarapocinhos.pb.gov.br\/site\/wp-content\/uploads\/2025\/01\/REQUERIMENTO-N\u00b0016-2025.pdf\">Requerimento N\u00b0016-2025 Solicita ao Poder Executivo que viabilize a constru\u00e7\u00e3o de uma pra\u00e7a na comunidade do Castelo<\/a><\/li>\n<li><a style=\"font-family: var(--body-font); background-color: var(--body-bg);\" href=\"https:\/\/camarapocinhos.pb.gov.br\/site\/wp-content\/uploads\/2025\/01\/req-037.pdf\">Requerimento N\u00b0037-2025 Solicita a constru\u00e7\u00e3o de uma Passagem Molhada no S\u00edtio do Olho D&#8217;\u00c1gua, pr\u00f3ximo ao Tanques dos Negros<\/a><\/li>\n<li><a href=\"https:\/\/camarapocinhos.pb.gov.br\/site\/wp-content\/uploads\/2025\/01\/REQ-075.pdf\">Requerimento N\u00b0075-2025 Solicita ao Poder Executivo a ado\u00e7\u00e3o das provid\u00eancias necess\u00e1rias para a instala\u00e7\u00e3o de lombadas redutoras de velocidade ao longo da via rec\u00e9m pavimentada que d\u00e1 acesso ao S\u00edtio Tanques e adjac\u00eancias.<\/a><\/li>\n<li><a href=\"https:\/\/camarapocinhos.pb.gov.br\/site\/wp-content\/uploads\/2025\/01\/REQUERIMENTO-N\u00b0100-2025.pdf\">Requerimento N\u00b0100-2025 Solicita Mo\u00e7\u00e3o de Aplausos ao Senhor \u00c9dson Luiz dos Santos, atual Secret\u00e1rio de Servi\u00e7os Urbanos do Munic\u00edpio de Pocinhos, em reconhecimento \u00e0 sua trajet\u00f3ria exemplar, compromisso com o servi\u00e7o p\u00fablico e relevantes contribui\u00e7\u00f5es \u00e0 comunidade Pocinhense.<\/a><\/li>\n<li><a href=\"https:\/\/camarapocinhos.pb.gov.br\/site\/wp-content\/uploads\/2025\/01\/REQUERIMENTO-N\u00b0101-2025.pdf\">Requerimento N\u00b0101-2025 Solicita Mo\u00e7\u00e3o de Aplausos ao Senhor S\u00e9rgio Ricardo de Ara\u00fajo Costa, atual Secret\u00e1rio de Administra\u00e7\u00e3o do Munic\u00edpio de Pocinhos, pelos relevantes servi\u00e7os prestados \u00e0 comunidade e pela sua destacada trajet\u00f3ria pessoal e profissional.<\/a><\/li><li><a href=\"https:\/\/camarapocinhos.pb.gov.br\/site\/wp-content\/uploads\/2025\/01\/REQUERIMENTO-N\u00b0102-2025.pdf\">Requerimento N\u00b0102-2025 Solicita Mo\u00e7\u00e3o de Aplausos \u00e0 Senhora Z\u00e9lia Maria Matias, Secret\u00e1ria de Assist\u00eancia Social do Munic\u00edpio de Pocinhos, pelo relevante trabalho desenvolvido em prol da popula\u00e7\u00e3o e por sua trajet\u00f3ria de dedica\u00e7\u00e3o ao servi\u00e7o p\u00fablico.<\/a><\/li>\n<\/ul><\/div>\n\t\t\t\t\t\t\t\t\t<div class=\"elementor-tab-title elementor-tab-mobile-title\" aria-selected=\"false\" data-tab=\"2\" role=\"tab\" tabindex=\"-1\" aria-controls=\"elementor-tab-content-1362\" aria-expanded=\"false\">Projetos de Lei<\/div>\n\t\t\t\t\t<div id=\"elementor-tab-content-1362\" class=\"elementor-tab-content elementor-clearfix\" data-tab=\"2\" role=\"tabpanel\" aria-labelledby=\"elementor-tab-title-1362\" tabindex=\"0\" hidden=\"hidden\"><h2><b>2025<\/b><\/h2><ul><li><p style=\"font-family: Poppins, sans-serif; color: #54595f;\"><a style=\"color: #006633; transition-property: all;\" href=\"https:\/\/camarapocinhos.pb.gov.br\/site\/wp-content\/uploads\/2025\/01\/PL-LEGISLATIVO-N%C2%B0-003-2025.pdf\">Projeto de Lei N\u00b0 003-2025 Denomina P\u00f3rtico P\u00fablico<\/a>\u00a0<\/p><\/li><li><a href=\"https:\/\/camarapocinhos.pb.gov.br\/site\/wp-content\/uploads\/2025\/01\/PL-LEGISLATIVO-N\u00b0012-2025.pdf\">Projeto de Lei N\u00b0012-2025 Disp\u00f5e sobre a inclus\u00e3o do evento &#8220;O Forroz\u00e3o dos Amigos&#8221; no Calend\u00e1rio Oficial de Eventos do Munic\u00edpio de Pocinhos<\/a><\/li><\/ul><\/div>\n\t\t\t\t\t\t\t\t\t<div class=\"elementor-tab-title elementor-tab-mobile-title\" aria-selected=\"false\" data-tab=\"3\" role=\"tab\" tabindex=\"-1\" aria-controls=\"elementor-tab-content-1363\" aria-expanded=\"false\">Decretos Legislativos<\/div>\n\t\t\t\t\t<div id=\"elementor-tab-content-1363\" class=\"elementor-tab-content elementor-clearfix\" data-tab=\"3\" role=\"tabpanel\" aria-labelledby=\"elementor-tab-title-1363\" tabindex=\"0\" hidden=\"hidden\"><h2><b>2025<\/b><\/h2><div><ul><li><a href=\"https:\/\/camarapocinhos.pb.gov.br\/site\/wp-content\/uploads\/2025\/01\/PL-DECRETO-N\u00b0012-2025.pdf\">Projeto de Decreto Legislativo N\u00b0012-2025 Concede a Medalha Maria da Paz Monteiro dos Santos \u00e0 Senhora Marile Jesuino de Oliveira Silva e d\u00e1 outras provid\u00eancias.<\/a><\/li><li><a href=\"https:\/\/camarapocinhos.pb.gov.br\/site\/wp-content\/uploads\/2025\/01\/PL-DECRETO-N\u00b0013-2025.pdf\">Projeto de Decreto Legislativo N\u00b0013-2025 Concede a Medalha Maria da Paz Monteiro dos Santos \u00e0 Senhora Jozilene Cunha dos Santos e d\u00e1 outras provid\u00eancias.<\/a><\/li><li><a href=\"https:\/\/camarapocinhos.pb.gov.br\/site\/wp-content\/uploads\/2025\/01\/PL-DECRETO-N\u00b0040-2025.pdf\">Projeto de Decreto Legislativo N\u00b0040-2025 Concede a Comenda Padre Jos\u00e9 Augusto Galv\u00e3o ao Senhor Raimundo Epif\u00e2nio de Oliveira Neto \u0435 d\u00e1 outras provid\u00eancias.<\/a><\/li><\/ul><\/div><\/div>\n\t\t\t\t\t\t\t\t\t<div class=\"elementor-tab-title elementor-tab-mobile-title\" aria-selected=\"false\" data-tab=\"4\" role=\"tab\" tabindex=\"-1\" aria-controls=\"elementor-tab-content-1364\" aria-expanded=\"false\">Indica\u00e7\u00f5es<\/div>\n\t\t\t\t\t<div id=\"elementor-tab-content-1364\" class=\"elementor-tab-content elementor-clearfix\" data-tab=\"4\" role=\"tabpanel\" aria-labelledby=\"elementor-tab-title-1364\" tabindex=\"0\" hidden=\"hidden\"><\/div>\n\t\t\t\t\t\t\t<\/div>\n\t\t<\/div>\n\t\t\t\t<\/div>\n\t\t\t\t<\/div>\n\t\t\t\t<\/div>\n\t\t\t\t\t<\/div>\n\t\t\t\t<\/div>\n\t\t\t\t<\/div>\n\t\t","protected":false},"excerpt":{"rendered":"<p>Alzira Gomes Coutinho Alves Natural de Campina Grande, tem 46 anos, \u00e9 casada h\u00e1 25 anos e m\u00e3e de uma filha, Leanny Karen. Em seu primeiro mandato como vereadora pelo partido Uni\u00e3o Brasil, \u00e9 comprometida com um trabalho transparente e atuante. Busca ajudar a popula\u00e7\u00e3o de Pocinhos, honrar seus votos e contribuir para a gest\u00e3o&#8230;<\/p>\n","protected":false},"author":1,"featured_media":0,"parent":0,"menu_order":0,"comment_status":"closed","ping_status":"closed","template":"","meta":{"footnotes":""},"class_list":["post-4780","page","type-page","status-publish","hentry"],"_links":{"self":[{"href":"https:\/\/camarapocinhos.pb.gov.br\/site\/wp-json\/wp\/v2\/pages\/4780","targetHints":{"allow":["GET"]}}],"collection":[{"href":"https:\/\/camarapocinhos.pb.gov.br\/site\/wp-json\/wp\/v2\/pages"}],"about":[{"href":"https:\/\/camarapocinhos.pb.gov.br\/site\/wp-json\/wp\/v2\/types\/page"}],"author":[{"embeddable":true,"href":"https:\/\/camarapocinhos.pb.gov.br\/site\/wp-json\/wp\/v2\/users\/1"}],"replies":[{"embeddable":true,"href":"https:\/\/camarapocinhos.pb.gov.br\/site\/wp-json\/wp\/v2\/comments?post=4780"}],"version-history":[{"count":52,"href":"https:\/\/camarapocinhos.pb.gov.br\/site\/wp-json\/wp\/v2\/pages\/4780\/revisions"}],"predecessor-version":[{"id":6565,"href":"https:\/\/camarapocinhos.pb.gov.br\/site\/wp-json\/wp\/v2\/pages\/4780\/revisions\/6565"}],"wp:attachment":[{"href":"https:\/\/camarapocinhos.pb.gov.br\/site\/wp-json\/wp\/v2\/media?parent=4780"}],"curies":[{"name":"wp","href":"https:\/\/api.w.org\/{rel}","templated":true}]}}